
2, 3, 5
Suppose w + 6 + 8 = 4*u, 3*u = 0. List the prime factors of 117/5 - w/(-35).
23
Suppose -9*s = 3*b - 14*s - 2307, -b = -3*s - 769. List the prime factors of b.
769
Suppose d = -3*u + 4257, 4*u - 1403 = 3*u + 5*d. What are the prime factors of u?
2, 709
Let s = 37 + -34. List the prime factors of (s - 6 - -3) + 22.
2, 11
Suppose 2*p - 5*s + 151 = 433, -s = 4. Suppose 89 = 17*x - 149. Suppose 5*k - p = x. What are the prime factors of k?
29
Let x be (1/(-3))/(21/(-6678)). Suppose 101*o + 350 = x*o. List the prime factors of o.
2, 5, 7
Let s = 7100 + -4054. List the prime factors of s.
2, 1523
List the prime factors of ((-660)/(-18))/(10/135).
3, 5, 11
Let q(c) = 7*c**2. Let p be q(3). Let i = 104 - p. List the prime factors of i.
41
Let p(r) be the first derivative of -r**4/4 + r**3/3 - 3. Let l be p(0). Suppose l = -3*x + 143 - 32. What are the prime factors of x?
37
Let h(f) = 12*f**2 + 28*f + 187. What are the prime factors of h(-13)?
3, 617
Let s(h) = 3*h - 11 - 10*h**2 - 8*h + h**3 - 3*h. List the prime factors of s(11).
2, 11
Let a(d) = 205*d - 330. What are the prime factors of a(3)?
3, 5, 19
Suppose 0*v = -v - 4. Let x = -47 - -48. List the prime factors of (x - -2) + 4 + v.
3
Suppose -32*v = -38*v + 6732. What are the prime factors of v?
2, 3, 11, 17
Let t(d) = d**3 + 12*d**2 + 8*d - 22. What are the prime factors of t(-11)?
11
Suppose 50 - 10 = -4*z. What are the prime factors of ((-4)/z)/(22/9845)?
179
Let y(s) = s**2 - 14*s - 24. Let b be y(11). Let h = 8 - b. List the prime factors of h.
5, 13
Let m be (-1)/(4/479*(-1)/(-4)). Let b = 672 + m. What are the prime factors of b?
193
Suppose 0 = -q + 5*p - 80, 0*p = -3*q - 4*p - 145. List the prime factors of (-4818)/q + 4/10.
2, 11
Let o(t) = t**3 - t**2 - 16. Let g be o(0). Let p = g + 12. What are the prime factors of ((-4)/(-6))/(p/(-84))?
2, 7
Let v be (3/(-1) + 7)/1. Let y = v - 4. Suppose s - 15 = -y*s. List the prime factors of s.
3, 5
Suppose 0 = -6*y + 859 + 3257. List the prime factors of y.
2, 7
Suppose -2470 - 764 = 6*g. Let d = -364 - g. What are the prime factors of d?
5, 7
Suppose m = 4*z + 2, -5*z + 3 - 10 = -2*m. Suppose m*x - 7*x = -7. Let f(o) = o**2 - 7*o + 8. What are the prime factors of f(x)?
2
Suppose 6*d = 1711 + 785. What are the prime factors of d?
2, 13
Suppose -5*y - 8 = -y. Let g = y + 4. Suppose -3*x = -3*s - 33, g*x - 4 = -s + 21. List the prime factors of x.
2, 3
Let t(m) = -5*m - 37. Let i be t(-14). Suppose q + i = 138. What are the prime factors of q?
3, 5, 7
Suppose -9*x + 12172 = -6008. What are the prime factors of x?
2, 5, 101
Suppose 4*i - 43 = 3*u + 3372, 3*i + u = 2558. List the prime factors of i.
853
Suppose 3*h - 3483 = -6*h. What are the prime factors of h?
3, 43
What are the prime factors of (373*4/(-16))/(1/(-8))?
2, 373
Suppose 5 = -3*n - 2*n, 4*f + 5*n = -25. Let b(l) = -9*l + 8. List the prime factors of b(f).
53
Suppose 2*c = 20 + 24. Suppose 0 = l + 2*f + 2*f + 16, -c = 2*l + 3*f. What are the prime factors of l/(-3)*(-3)/(-2)?
2
Let c = -314 + 620. Suppose b = -5*y + c, 5*y + b - 309 = -3*b. What are the prime factors of y?
61
List the prime factors of (-2876)/(-5)*(-185)/(-74).
2, 719
Suppose 0 = 2*a - 9*a + 364. Suppose 3*q = 4*c - 6*c + 130, c - a = 5*q. List the prime factors of c.
2, 31
Suppose 4*z = -z - 5, 0 = 5*t - 2*z + 153. Suppose 42 = -5*y - 2*a, -22 = 3*y + a + a. Let p = y - t. What are the prime factors of p?
3, 7
List the prime factors of (-265425)/(-225) + 14/6.
2, 3, 197
Let c = 599 + 395. What are the prime factors of c?
2, 7, 71
Suppose -424 = -4*c + 668. Suppose 0 = -5*i + 42 + c. What are the prime factors of i?
3, 7
Let n(c) = 97*c**2 - 2*c + 4. What are the prime factors of n(2)?
2, 97
Suppose 3*s + 5*w - 3*w + 630 = 0, -5*s + 2*w = 1066. Let d = 387 + s. List the prime factors of d.
5, 7
Let c = -37 + 39. Suppose 3*d - 245 = -c*d. List the prime factors of d.
7
Let b(z) = 2*z**3 - 3*z**2 + 1. Let k be b(2). Let w(a) = -a**2 + 4*a - 5. Let d be w(k). Let p = 13 - d. What are the prime factors of p?
23
Suppose 0 = -2*c + 2*j + 1342, -3*c = -4*c + 3*j + 675. List the prime factors of c.
3, 223
Let k(g) = -g**3 + 7*g**2 - 2*g + 1. Suppose -p = -0*p - 14. Suppose -2*f = -3*m - 3, 6*m - m - p = -3*f. List the prime factors of k(f).
31
Let n = -1618 - -3010. What are the prime factors of n?
2, 3, 29
Suppose -14 = -5*v + 2*t - 3*t, 2*v - 3 = -3*t. Suppose 8*s - 422 = v*s + 2*k, -3*k - 171 = -2*s. List the prime factors of s.
2, 3, 7
Suppose 4*f + 21 = -3*f. List the prime factors of 1/f + 14850/81.
3, 61
Let j = 14 - 12. Suppose -4*h + 26 = -j*c, 4*h + 0*c + c = 11. Suppose -3*s = -2*s + 5*d - 59, -h*s + 4*d = -140. What are the prime factors of s?
3, 13
Suppose -14*u + 17577 + 12257 = 0. What are the prime factors of u?
2131
List the prime factors of ((-4563)/(-26))/((-3)/(-4)).
2, 3, 13
Let t be (1/(-2))/((-1)/14). Suppose -418 = -t*d - 68. List the prime factors of d.
2, 5
Let x = -111 + 54. Suppose 4*r - 3*z = -4*z - 79, z = 5. Let y = r - x. What are the prime factors of y?
2, 3
Suppose 3*x = 5*m + 134, -8 = 2*m - 6. List the prime factors of x.
43
Suppose 152*v - 119*v - 8712 = 0. List the prime factors of v.
2, 3, 11
Suppose 13*y - 28 = 6*y. Suppose -5*b + 3*k = -46, 4*b - 24 = -0*b - y*k. What are the prime factors of b?
2
Suppose 1437 = 51*t - 48*t. What are the prime factors of t?
479
Let h be (-3 + 2 - 8)*13. Let x = 23 - h. Suppose z + 2*z - 4*r - x = 0, -3*z = r - 145. What are the prime factors of z?
2, 3
Suppose -4*c + 3*u + 176 = 0, -125 = -3*c + 2*u + 2*u. Let q = c + -28. What are the prime factors of q?
19
Let n = -336 + 496. Suppose 4*x - n = -4*q, 3*x + 10 = q + 130. What are the prime factors of x?
2, 5
Suppose u = 1, 0 = 3*t - 4*u + 6 - 41. Suppose 4*w - t*w = -1134. What are the prime factors of w?
2, 3, 7
Suppose -3*p = -0*p - 6. Suppose -2*b - 94 = p. List the prime factors of 8/b + 146/12.
2, 3
Suppose -409*f = -415*f + 3714. What are the prime factors of f?
619
Suppose 5*k - 23 - 967 = 0. List the prime factors of k.
2, 3, 11
Let s = -266 + 796. What are the prime factors of s?
2, 5, 53
Let x = 12 - 8. Let i = x + -4. List the prime factors of 6/(i - (-2)/3).
3
Let f be (-2 - 508/(-8))*8/6. Let i = 136 - f. What are the prime factors of i?
2, 3
Suppose -28329 = 11*u - 18*u. What are the prime factors of u?
3, 19, 71
Let s(w) = w**3 + 9*w**2 + 7*w + 5. Suppose 0*p = 2*z - p - 2, -3*z + 3*p = -3. Suppose -2*v - 17 = -z. What are the prime factors of s(v)?
13
Suppose 2*u - 3135 = -5*d, -5*d + 3696 = u + 561. List the prime factors of d.
3, 11, 19
What are the prime factors of ((-28860)/(-20))/(3/7)?
7, 13, 37
Let d = 153 - 21. What are the prime factors of (-1 - -21)*d/15?
2, 11
Suppose 2*m - 8 - 2 = 0. Suppose 2*i + 3*h = 4*h + 6, -5*i = m*h. What are the prime factors of 3 - ((-1 - 1) + i)?
3
Let l(d) = -d - 3. Let i be l(-4). Let a be ((-30)/24)/((-1)/12). Suppose -t + a = i. What are the prime factors of t?
2, 7
Let t be 312/14 + (-5)/(140/8). Let p = 0 + t. List the prime factors of p.
2, 11
Suppose -i = -g + 4174, -23 + 26 = -3*i. List the prime factors of g.
3, 13, 107
Suppose 2*h = -0*h. Let j be (28 - (3 + h))*1. Let g = j + -16. What are the prime factors of g?
3
Let v(b) = -b**3 + 8*b**2 - 4*b - 11. Let o be v(5). Suppose -34 - o = -a. List the prime factors of a.
2, 3, 13
Suppose 4*m - 12 = h - m, 5*h - 5*m = 0. Suppose 7*t + 4 = h*t. List the prime factors of (-11*(t - 2))/1.
3, 11
Let q = 30 + -10. Let h(o) = -o. Let f be h(-2). What are the prime factors of (4 - f) + q/1?
2, 11
Let m(j) = j**3 - 2*j**2 - 4*j + 3. Let q be m(3). Let d = 148 + -60. Suppose 4*n - d - 16 = q. What are the prime factors of n?
2, 13
Let d = 8 + 8. Let x be ((-4)/8)/((-2)/d). Suppose 62 = 6*u - x*u. What are the prime factors of u?
31
List the prime factors of (-2835)/(-3 - 0) - -7.
2, 7, 17
Let b(x) = 11*x**2 + 22*x + 17. Let v be b(-8). Suppose -6*i = -v + 179. List the prime factors of i.
61
Suppose -h = h - 58. Suppose -x + 53 + h = 0. List the prime factors of x.
2, 41
Suppose 5*m = 7*m + 5*o - 79, 5*m - 155 = -4*o. What are the prime factors of m?
3
Let b(z) = -z**2 - 3*z - 3. Let m be b(-3). Let g = m + -1. List the prime factors of g - -34 - (-5 - -3).
2
Let s = 2 - 7. Let x(t) 